) = -9*f(z) + 4*m(z). Calculate o(9).
10
Let y be (-5)/5 - (-4 + 10). Let n(u) = 3*u - 4. Determine n(y).
-25
Let k(i) = 21*i**2 - 1. Suppose 0 = 5*t + 2*q - 1, 5*q - 2 = -3*t - 9. What is k(t)?
20
Let w(j) = -j - 41. Let q(d) = -4*d - 192. Let c(s) = -2*q(s) + 9*w(s). Determine c(14).
1
Let q(j) = 18*j - 49. Let i be q(3). Let u(x) be the first derivative of 4*x - 5/2*x**2 - i + 1/3*x**3. Determine u(3).
-2
Let b be 10*(-18)/45 + 2. Let h(s) = -3*s**2 + s + 1. Determine h(b).
-13
Let j(w) = -w**3 + 9*w**2 - w + 19. Let l be j(9). Suppose -2*t - y = -16, 0 = -2*t - 3*y + l + 14. Let k(x) = 0*x + x + 2*x - 7. What is k(t)?
11
Let y(k) = -k**3 - 7*k**2 - 6*k - 2. Suppose -183 = -2*f - f - 3*c, -5*c = 0. Let p = -37 + f. Suppose -4*i + p = -8*i. Calculate y(i).
-2
Let j(t) = t**2 - 24 + 15 - 15 + 23. Let c = 8 + -5. Suppose c = -i + 4. What is j(i)?
0
Suppose 0 = -2*q - q + 42. Let n = 12 - q. Let c be n/4*(-5 - -11). Let w(p) = p**3 + p**2 - 4*p - 2. Calculate w(c).
-8
Let o(a) = -a**3 - 13*a**2 - 14*a - 12. Let q be o(-12). Let z = q + -13. Let s(b) be the first derivative of -3*b**4/4 - b**3/3 - b**2 - b - 1. Determine s(z).
3
Let q(h) = -15*h + 7*h - 2 + 3*h + 9 - 3*h**2 + 0*h**2. Calculate q(-5).
-43
Suppose 20 + 16 = 3*t. Let s = t - 13. Let l(g) = 3 + g - 2 + 10*g**2 + 3*g**2. Calculate l(s).
13
Let q(r) = -9 + 34 - 7 - 10 - 2 + 2*r. What is q(-1)?
4
Let m(s) = -2*s**3 - 3*s**2 - s - 5. Let f be m(-2). Let t(o) = -o**2 - o. Let a(h) = -15*h**2 + 3*h + 1. Let d(p) = -a(p) - 3*t(p). Give d(f).
17
Suppose -4 = -y + 3. Let q(t) = 1. Let f(b) = 3*b + 19. Let s(g) = -f(g) + 6*q(g). Let a(k) = 4*k + 19. Let l(o) = y*s(o) + 5*a(o). Give l(4).
0
Let u(i) = -i. Let c(l) be the third derivative of -14*l**2 - 1/6*l**3 + 13/24*l**4 + 0*l + 0. Let r(h) = c(h) + 4*u(h). What is r(1)?
8
Suppose -3*p + 24 = -2*k + 5*k, -2*p + 26 = 4*k. Let a(w) = -w**3 + 3*w**2 + 2*w + 2. What is a(p)?
8
Let g(l) = 8*l**2 - 14*l**2 - 7 + l**2 + 6*l**2. Let z(k) = -k - 3. Let a be z(-3). Give g(a).
-7
Suppose -4*f - 7 + 23 = 0. Let i(r) = r**3 - r**2 - r + 2. Let b be i(1). Let k(c) = 3*c**2 + b - 4*c**3 + 3*c**3 - c**2 + 5*c. Give k(f).
-11
Let v(o) be the third derivative of -o**4/24 + 4*o**3/3 + 81*o**2 + 3. What is v(7)?
1
Suppose -4*x = 3*o + 25, 5*x - 8*o + 11*o = -32. Let l(j) = -j**2 - 6*j - 3. Determine l(x).
-10
Let o(g) = -g - 11. Let l(v) = 2*v + 11. Let b(d) = 2*l(d) + 3*o(d). Let q(a) = a**3 + 18*a**2 - 19*a. Let w be q(-19). Give b(w).
-11
Let h(o) = -5*o**2 - 1. Let v be (-10)/(-6) + (2/(-3))/1. What is h(v)?
-6
Let z(f) = -20*f**3 - 6*f**2 + 5*f - 8. Let b(g) = -7*g**3 - 2*g**2 + 2*g - 3. Let h(j) = 11*b(j) - 4*z(j). Calculate h(2).
35
Let g(b) = b + 13. Let x be g(4). Suppose -6*q + x = -13. Let l(k) be the first derivative of k**3/3 - 3*k**2 + 5*k - 1. What is l(q)?
0
Let n = -16 + 2. Let a be (-10)/n - 18/(-63). Let s(q) = 17*q**2 + 1. What is s(a)?
18
Let w(g) = g**3 + 27*g**2 - 89*g + 30. Let a be w(-30). Let v(c) = -16 + 4 + c - 19 - c**3. Give v(a).
-31
Let c be (-2)/(-2)*0/(-5 - -3). Suppose c = -a - 2*a - 3*v - 33, -2*a = 3*v + 26. Let z(u) = -u**3 - 7*u**2 + u + 6. Calculate z(a).
-1
Let f be 24/(-16)*(-2 + 0). Let r(y) = y**2 + y**3 - 2*y**3 - f + 3*y**3 - 3*y + 0*y**3. Give r(-2).
-9
Let c(h) = 4*h**3 + 14*h**2 - 14*h. Let i(b) = -4*b**3 - 12*b**2 + 12*b. Let g(z) = -6*c(z) - 7*i(z). What is g(1)?
4
Let y(k) = -k**3 + 4*k**2 - 7*k + 18. Let d be y(3). Let l(o) be the second derivative of -1/12*o**4 + o**2 + d*o + 0 + 2/3*o**3. Give l(4).
2
Let h(j) = -j**3 + 4*j**2 + 2*j + 1. Let m be h(0). Let z(d) = -10*d + 8*d - 17*d. Give z(m).
-19
Let l(s) = s + 1. Let t(f) = -2*f**2 - f + 1. Let x(h) = -4*l(h) + t(h). Let d be (-4 - -3)/1*-3. Suppose 0 = -5*q - 15, -d*q + 9 = -4*k - 2*q. What is x(k)?
-6
Let c(p) = 3*p - 34. Let h = -34 - -46. Let z be c(h). Let l(b) = 5*b - 1. Let g(d) = 11*d - 1. Let k(m) = 2*g(m) - 5*l(m). Determine k(z).
-3
Let a be (-1)/(3 - 7/2). Suppose 4 = a*c + 16. Let z(t) = 3*t**2 - 15*t + 13. Let p(v) = -2*v**2 + 8*v - 7. Let q(u) = -5*p(u) - 3*z(u). Give q(c).
2
Let s(n) = n**2 - 10*n - 21. Suppose 72*o - 46*o - 312 = 0. Give s(o).
3
Let t(p) = -3*p**2 - 65*p - 49. Let b be t(-21). Let r(n) = -2*n**2 - 8*n - 9. Give r(b).
-51
Let p = 4 - 10. Let n(q) = -9*q**3 + 2*q**2 - 11*q - 73. Let b(a) = 5*a**3 - 2*a**2 + 6*a + 41. Let f(m) = -7*b(m) - 4*n(m). Give f(p).
-7
Let i be 333/18 + (-2)/(-4). Suppose -5*d - 4*j + i = -7, 2*d = j. Let n(r) = r**d + 20*r + 2 + 1 - 17*r. Determine n(-2).
1
Let q(v) = 8*v - 20. Let t(h) = -4*h + 9. Suppose 14*k = 10*k - 8. Let w(x) = k*q(x) - 5*t(x). Calculate w(4).
11
Let k(t) = -t**2 - 4*t - 1. Let p = -1251 + 1245. Calculate k(p).
-13
Let t = -21 - -21. Suppose 0 = 4*o - 0 - 8. Let h(s) = -1 + 5*s - s**o + t*s**2 - 2. Give h(5).
-3
Let n(s) = -2*s**3 - 3*s**2 + 4*s. Suppose -32 = 24*r - 28*r. Let f be r/(-12)*-3 - 5. Give n(f).
15
Let a(r) = -r**2 - 5*r - 3. Let k = 2 + 1. Suppose -3*f = 3*s, 4*s - k*s - 6 = f. Suppose s*i = -6 - 0. What is a(i)?
3
Let c(j) = -5*j - 31. Let h(z) = 4*z + 27. Let r(i) = 5*c(i) + 6*h(i). Give r(5).
2
Suppose 2*j + 69 - 75 = 0. Let n(s) = 4*s + 1. Calculate n(j).
13
Let p(u) = -2*u + 4 + 1 + 4. Suppose -2*c + 3*o = -20, 0 = -3*c - 4*o + 6*o + 25. Determine p(c).
-5
Let a = 781 - 789. Let g(f) = f + 10. Calculate g(a).
2
Let c be (-3)/(-12)*4 + 3. Suppose -3*s = 3*z + 33, 4*z + 0*z = c*s + 4. Let t(i) = i + 8. Give t(s).
2
Suppose 0*l + 15 = 5*l. Let s(m) = -9 + 3 - 3*m + 2 + m**l + 4*m**2. Determine s(-4).
8
Let b(o) = 6*o**3 - 6*o**2 + 4*o - 20. Let h(y) = -7*y**3 + 7*y**2 - 5*y + 23. Let v(a) = 6*b(a) + 5*h(a). Calculate v(4).
39
Let m(l) = 9*l + 10*l - 10 + l - 30*l + 11*l. Let f = 3 - 4. Let x = f + 1. Determine m(x).
-10
Let n(p) = 19 - 5*p - 12*p - 13*p + 32*p. Calculate n(-8).
3
Let j = -143 - -146. Let i(d) = d**2 + 3*d - 5. Give i(j).
13
Suppose 0 = 2*a + 9 - 3, 0 = 4*w - 5*a - 23. Let k(u) = -5*u**2 - 2*u. Determine k(w).
-24
Let l(k) = 17 - 7 + 2*k**2 + 15 + 10*k - 3*k**2. Let v be l(12). Let m(q) = 2*q**3 - q**2 + q. What is m(v)?
2
Let m(n) be the first derivative of -46*n**3/3 + n**2 - n + 102. Calculate m(1).
-45
Suppose -4*g = g + 20. Let s(z) = 2 - 4*z + 6*z - 3 - 3. What is s(g)?
-12
Let v(u) = 3*u - 25. Let s(h) = 7*h - 57. Let j(a) = -4*s(a) + 9*v(a). Let o = -7 - -3. What is j(o)?
7
Let z(p) = p**2 - 6*p - 1. Let j(i) = 2*i**2 - 13*i - 2. Let t(m) = -4*j(m) + 9*z(m). Calculate t(-1).
2
Let l(i) = 4*i + 2. Let g(y) be the second derivative of -y**3/6 + y. Let o(c) = -c - 3. Let n be o(0). Let q(w) = n*g(w) - l(w). Give q(-4).
2
Let q(f) be the first derivative of -7 - 1/4*f**4 + 3*f + 4/3*f**3 + 0*f**2. Let o be (-15)/(-4) - 2/(-8). What is q(o)?
3
Let h = 43 - 34. Let f(y) be the first derivative of 2*y**3/3 - 7*y**2/2 + 23*y - 2. Let m(i) = -i**2 + 4*i - 11. Let w(g) = h*m(g) + 4*f(g). Determine w(6).
5
Suppose -2*c - 3*x - 3 = 0, c + x = 2*c - 11. Let p(s) = -5*s + 4. Let v(j) = -9*j + 7. Let m(d) = c*v(d) - 10*p(d). What is m(-2)?
10
Let g(u) = -12 - 5*u + 5*u + u. Let r = -23 - -29. Let y be 148/24 + (-1)/r. What is g(y)?
-6
Let x(l) = -l**3 + 5*l**2 + 5*l + 6. Suppose 59 + 5 = -2*p. Let s = p + 38. Give x(s).
0
Let t = 61 + -43. Let a = t + -18. Let p(l) = l**3 - l + 4. Give p(a).
4
Let t(m) be the second derivative of m**3 - 31*m**2/2 - 306*m + 2. Give t(4).
-7
Let h(q) be the third derivative of q**4/6 + q**3/3 - 13*q**2 - 4*q. Determine h(-3).
-10
Let q be 6*(-69)/(-12)*8/3. Let i(t) = -t**2 - 76 + 181 - q. Give i(0).
13
Suppose 4*b + 2*r - 14 = 0, -3*r = -2*b - 2*b + 19. Suppose 7 + 29 = 4*q - 4*j, 2*q - b*j = 28. Let g(d) = 4*d - 5*d**2 + 1 + 3*d**2 + d**2. Calculate g(q).
1
Let x(f) = 72*f - 3. Let m(p) = -31*p + 2. Let w(u) = -7*m(u) - 3*x(u). Suppose 27 = 4*n - 37. Let a = -10 + n. Give w(a).
1
Let r(b) = b**2 - 8*b - 12. Suppose -t + 0*t = 14. Let q = 23 + t. What is r(q)?
-3
Let g(p) be the first derivative of p**3/3 - 9*p**2/2 + 8*p - 1. Let a(b) be the second derivative of b**3/3 + 11*b**2 + b + 21. Let o be a(-8). Calculate g(o).
-10
Let g(o) = -o + 1. Let l(x) = 5*x - 7. Let t(w) = 4*g(w) + l(w). Suppose 23 = -5*y - 7. Give t(y).
-9
Let v(o) = 5 + o + 12 - 2*o**2 + 5*o - 7 + o**2. Let t = -4 + 11. Give v(t).
3
Let y(c) = -